 = -65 + 63 - 6*g + 111 + 11. What is a(23)?
-18
Suppose -11*v = 6 + 27. Let l(q) be the second derivative of -q**4/6 - 2*q**3/3 - 9*q**2/2 - q. Let z(d) be the first derivative of l(d). Determine z(v).
8
Let d(t) = -6 + 133567*t + 133568*t + 5 - 267140*t - t**2 + 3. Let s be (-1)/(1/(-3)*-1). Give d(s).
8
Let x(r) = r**3 + 8*r**2 - 10*r - 4. Let p(h) = -h**3 - 4*h**3 - 3 - 2*h - 2 + 6*h**3 + 4*h**2. Let v be p(-4). Suppose -v*i + 15 = 42. Determine x(i).
5
Let c(m) = -m**3 - 33*m**2 - 131*m + 41. Let x be c(-5). Let h(p) = p**2 - 11*p - 12. Calculate h(x).
48
Let g(k) = 32*k**3 + 130*k**2 + 357*k + 301. Let z(b) = -25*b**3 - 101*b**2 - 278*b - 234. Let n(q) = 18*g(q) + 23*z(q). Determine n(-15).
6
Let a(g) = g**3 - 145*g**2 + 282*g + 564. Let w be a(143). Let y(o) = 12*o + 42. Calculate y(w).
-54
Let p(u) = -26*u + 175. Let x = -7526 - -7533. Calculate p(x).
-7
Let p(r) = 3*r**3 + 146*r**2 - 49*r + 4. Let u be p(-49). Let j(h) = -1 - 26*h + 20*h + 14*h - h**2. Give j(u).
15
Let u(g) = 2*g - 16 + g**3 + 19 - 8*g. Let b = -3 - 0. Determine u(b).
-6
Let o(p) be the third derivative of p**4/24 + 7*p**3/6 + 21*p**2 + 183*p. Suppose 3*t - 21 = -3*x, 0 = t - 2*t + 5*x + 25. Let b = -18 + t. Give o(b).
-1
Let s(a) = 10*a + 34. Suppose 0 = -3*p - 590 + 581. What is s(p)?
4
Let b(p) = 25 + 24 + 24 - 95 - 3*p + 21. Let j(c) = c**2 + 3*c - 7. Let r be j(-5). What is b(r)?
-10
Let y(t) = t**3 - 8*t**2 + 4. Let c be y(8). Suppose -31 = -5*k - 4*i, 13 = c*k - 5*k + 4*i. Let r(a) = -3*a**2 + 2*a - a + 3*a - k. What is r(2)?
-7
Let n(w) = -4*w**2 - 2*w**2 + 232 - 79 - 70 + 2*w + w**3 - 76. Give n(5).
-8
Let o(r) be the third derivative of r**5/4 - r**4/24 + r**3/3 - 11*r**2 - 14*r. Give o(-1).
18
Let j(m) = 3 + 4 + 8 - m. Let n(a) = 2*a**2 - 6*a + 9. Let h be n(3). What is j(h)?
6
Let w = 14 + 1. Let d be (10/w)/((-2)/6). Let o(n) = -82 - 3*n**2 + 5*n**2 + 39 + 45 - n - 5*n**2. Give o(d).
-8
Let t(x) = 194*x - 1. Let f(a) = -86*a + 1. Let h(m) = -9*f(m) - 4*t(m). Calculate h(0).
-5
Suppose -3*a - 23 = f, a - 11*f = -14*f + 3. Let t(q) be the first derivative of q**4/4 + 10*q**3/3 + 9*q**2/2 + 2*q - 2. What is t(a)?
2
Let m(c) = -c**3 + 17*c**2 - 53*c + 7. Let s be m(13). Let f(k) be the first derivative of -1/3*k**3 - 5/2*k**2 - 5*k + 1. What is f(s)?
-11
Let c be 222/(-10) - ((-147)/35 - -4). Let t be (-33)/c*(-2)/(-3). Suppose 5*x + v + t = 0, 3*v = -x + 2*v + 3. Let n(b) = 17*b - 1. Calculate n(x).
-18
Let l = -151 - -154. Let a(u) = -376*u**2 + 385*u**2 - 2*u**l - 3*u + 3*u**3 + 4 + 5. What is a(-9)?
36
Let w(r) be the second derivative of -r**5/120 + r**4/24 - r**3/3 + 127*r**2/2 + 172*r. Let i(s) be the second derivative of w(s). Calculate i(9).
-8
Let y(p) = p**3 - 8*p**2 + 8*p + 3. Suppose -5*o + 46 = 4*q, -o - 33 = 5*q - 59. What is y(o)?
-21
Suppose 6*q + 5 = 23. Let n(r) = -2*r - q + 0*r + 2 + r. Let k = 8 - 16. Determine n(k).
7
Let d(k) = -8*k**2 - 26*k - 3. Let h(z) = -26*z**2 - 82*z - 10. Let p(g) = 19*d(g) - 6*h(g). Suppose -v - 4*t - 4 = v, 5*t + 8 = -v. Give p(v).
15
Let b(p) be the third derivative of p**4/4 + 5*p**3/3 - 1252*p**2. What is b(-3)?
-8
Let m be (1 - 50/4)*(-6 - -4). Let s(k) = -7*k - 4 + m*k + k**2 - 19*k. What is s(6)?
14
Suppose 44*a + 69 = 47*a. Let x be (a/69)/(2/48). Let c(i) = 3*i - x + 7*i - 11*i. Calculate c(6).
-14
Let r(w) = -w**3 + 34*w**2 - 64*w - 25. Let z(i) = -2*i**3 + 70*i**2 - 132*i - 53. Let c(x) = 13*r(x) - 6*z(x). Give c(20).
-7
Let o(u) = 9*u**2 + 114*u + 1512. Let j(y) = -4*y**2 - 57*y - 720. Let f(q) = -7*j(q) - 3*o(q). Determine f(-46).
-2
Let s = -1074 + 1089. Let v(g) = -g**3 + 16*g**2 - 11*g - 50. Give v(s).
10
Let y(z) = -10*z**3 - z**2 + 1. Let a be (-690)/460*(0 + 3)*2/9. Give y(a).
10
Let q be (12/30)/(2/(-30)). Let j(z) = 3*z**3 - 20*z**2 - 21*z - 2. Let p(k) = -2*k**3 + 15*k**2 + 14*k + 1. Let w(x) = 5*j(x) + 7*p(x). Calculate w(q).
3
Let f(v) = v**3 - 3*v**2 - 6*v + 15. Let d(o) = -18*o**2 + 540*o + 4. Let j be d(30). Give f(j).
7
Let f(x) be the first derivative of -x**3/3 + 9*x**2/2 - 18*x - 736. Determine f(7).
-4
Let t(a) = -a**3 - 3*a + 1. Let d(i) = -i**3 + i**2 - 3*i + 1. Let b(o) = 5*d(o) - 4*t(o). Suppose 0 = 3*x - 233 + 89. Suppose 3*l - 57 + x = 0. What is b(l)?
10
Let a(q) be the first derivative of -q**2/2 + 3*q + 2. Suppose 3*g - x = -0*g - 1312, g + 4*x + 433 = 0. Let h = g + 431. Determine a(h).
9
Let v be 2*4*142/(-568). Let l(i) = 9*i - 12. Give l(v).
-30
Let m(p) = 12*p - p**2 + 391 - 1557 + 390 + 392 + 396. Let l(t) = t**2 + 4*t + 1. Let q be l(-6). Determine m(q).
-1
Let c(t) = 4*t**3 + t**2 + 2*t + 1. Let w be (-3 - 15/(-10))*-12. Let b(y) = 0*y + 2*y + 7 - w. Let r be b(5). Calculate c(r).
-4
Let k(s) = s**3 - 6*s**2 - 32*s + 38. Suppose -2*m - 4*f = -6, -27*f - 78 = -8*m - 25*f. Determine k(m).
-7
Let u(g) = -g**2 - 10*g - 12. Suppose 3 + 3 = 2*f. Suppose a = -a - f*a. Let d be -3 + a + 20/(-4). Calculate u(d).
4
Let h be (24/(-20))/((-2)/(-5)). Let q(b) = -b**3 + 10*b**2 - 16*b - 9. Let n(u) = -u**3 + 11*u**2 - 15*u - 8. Let k(j) = h*q(j) + 4*n(j). What is k(13)?
8
Let m(k) = 5*k + 28. Let h be (5 - 19/5)*-5. Give m(h).
-2
Let x(u) be the third derivative of 0 - 5*u**2 + 1/60*u**5 + 0*u + 1/2*u**4 + 13/6*u**3. Let j be x(-10). Let z(b) = -b**3 - 6*b**2 + 6*b - 10. Give z(j).
-3
Let b = -10689 - -10674. Let m(f) = f**3 + 15*f**2 + f - 34. What is m(b)?
-49
Let y(r) be the third derivative of r**4/24 - r**3/3 + 15*r**2. Let k be y(-5). Let h(f) = 1 - 2 - 10*f - 8 + 1 - f**2. Determine h(k).
13
Let j = -241 - -426. Suppose -14*n + j = -9*n. Let h(q) = q**3 - 45*q**2 + n*q**2 + q**3 - 3 - 7*q - 3*q**3. Give h(-7).
-3
Let d be 0*(-2)/6*6/4. Suppose -t = -4*h - 0*h + 2, d = -3*h + 3. Let r be t*-2 + 9 + -8. Let y(g) = g**3 + g**2 - g + 1. What is y(r)?
-14
Let t(x) be the first derivative of 1/4*x**4 + 10*x - 32 - 10/3*x**3 - 3/2*x**2. What is t(10)?
-20
Suppose -13*i - 5*i - 4*i - 330 = 0. Let k(b) = -b**2 - 11*b + 14. What is k(i)?
-46
Suppose 5*n - 20 = 0, s + n = -n - 8. Let k be 68 - 7/(28/s). Let a = 65 - k. Let y(t) = t**2 + 6*t + 4. Determine y(a).
11
Let g(b) be the first derivative of -1/30*b**5 - 1/360*b**6 + 0*b + 0*b**2 + 4 + 1/24*b**4 - 6*b**3. Let i(r) be the third derivative of g(r). Calculate i(-5).
-4
Let p(i) = -9*i - 280. Let o = -7670 - -7640. Determine p(o).
-10
Suppose 0 = -3*k + d - 17, 0 = -4*k - 0*d + 4*d - 36. Let v(c) = c**2 - 14*c + 2. Let h be v(14). Let z(i) = -2*i + 0*i**h + 6 + i**2 - 11 - i. What is z(k)?
23
Let s(a) = 207*a - 1244. Let t be s(6). Let l(p) = -10*p**3 + 2*p - 1. Calculate l(t).
75
Let y(n) = 19*n - 38. Let h(u) = -3*u + 7. Let f(z) = 4*h(z) + y(z). Determine f(-8).
-66
Let m(g) be the second derivative of g**2 + 0 - 1/4*g**4 + g - 2/3*g**3 + 1/20*g**5. Let w be 15 + -18 + -15 - -22. What is m(w)?
2
Let f(u) be the second derivative of u**4/12 - u**3 - 5*u**2/2 + 4*u. Let i be (9 - 13)/((-5)/10). What is f(i)?
11
Let j(z) = -3*z - 11. Let s be j(-5). Suppose -3*g + 21 = -5*a, a = -5*g + s*a + 19. Let o(k) = 5*k**g - 3*k**2 - k**2 - 6 + 3*k. Give o(-5).
4
Let h(i) = 9*i**2 + 42*i - 10. Let j(v) be the second derivative of -5*v**4/12 - 11*v**3/3 + 5*v**2/2 - 13*v - 2. Let k(p) = 6*h(p) + 11*j(p). Determine k(8).
11
Let u(b) = -4892*b + 4905*b + 64 + 24. Give u(-7).
-3
Let n(m) = m - 7. Suppose -3*s = -3*w - 2*s + 637, -836 = -4*w + 4*s. Let l = w + -210. What is n(l)?
-3
Let z(h) = h**3 - 7*h**2 + 6*h - 2. Suppose -8*c - 4 = -12*c, -2*q + 56 = 2*c. Suppose -q = -16*g + 19*g. Let k(r) = -7*r - 57. Let u be k(g). Determine z(u).
-2
Let j(h) = 2*h**2 + 5*h**2 + h**2 - 4*h**2 + 6*h - 5*h**2. Determine j(11).
-55
Let v(u) be the first derivative of -u**3 - 5*u**2/2 + 6*u + 519. Give v(-3).
-6
Let h(v) be the third derivative of v**5/60 - v**4/8 + v**3/6 - 390*v**2 + v. Determine h(5).
11
Let r(w) = -w**2 + 2*w - w**2 - 5 + 2. Suppose -4*u - 8 = 0, 3*o + 0*u - 921 = 3*u. Let n = o - 302. What is r(n)?
-15
Let n = -321 - -335. Suppose -6*m = -5*m + 2*g - n, -5*g = -5*m + 25. Let t(z) be the third derivative of z**5/60 - 7*z**4/24 + z**2. Give t(m).
8
Suppose 5 + 1 = 3*a. Let w(k) = -3 + 18*k**2 + 3*k - 29*k**a + 13*k**2. Let x = -27 - -23. Calculate w(x).
17
Let t(i) be the third derivative of i**5/30 - i**4/12 + 1032*i**2. Calcul